 - 42 = -5*s - 5*k. What is the highest common divisor of a and s?
13
Let w = -1 + 4. Suppose -474 - 55 = -5*y + 4*m, -5*y + 528 = -w*m. What is the greatest common divisor of 15 and y?
15
Let n = 14 - 16. Let d(u) = -u**2 - 6*u - 4. Let o be d(n). Calculate the greatest common divisor of o and 8.
4
Let i = -29 + 41. Suppose 0 = k - 0 - i. Let p = 19 - k. Calculate the greatest common divisor of p and 70.
7
Suppose 2*x - 177 = -5*b, x - 4*b - b - 111 = 0. Suppose 0 = 3*h - 4*u - 114 - x, -4*h - 3*u = -280. What is the greatest common factor of 14 and h?
14
Suppose 151 = 2*k + 7. Calculate the highest common factor of k and 36.
36
Suppose 0*m + 56 = 3*z + 4*m, z - 5*m = -13. Calculate the greatest common factor of z and 96.
12
Suppose 0 = 5*f - 0*f - 15. Suppose -2*v - 11 = -f*v. Calculate the greatest common factor of v and 110.
11
Let i(n) = -n**2 + 19*n - 17. Let w be i(17). Calculate the highest common factor of w and 17.
17
Let v be (6 + 0)*(-4)/(-6). Suppose v*s = -w - 3, 2*w + 3*s - 4 - 15 = 0. Let o be (-98)/(-2) + 3 + -1. What is the highest common factor of w and o?
17
Suppose 2*o + 2*o - 768 = 0. Calculate the highest common factor of o and 24.
24
Let v = 802 + -480. Calculate the greatest common divisor of 46 and v.
46
Suppose 32 + 24 = -2*s. Let b = s - -40. Calculate the highest common divisor of 84 and b.
12
Let l = -4 + 11. Suppose -3*k = -7*k + 3*o + 28, 0 = -k - 4*o - 12. Suppose -n + l = k. What is the highest common divisor of 18 and n?
3
Let d(p) = 41*p - 2. Let s be d(-2). Let t be (10/4)/((-2)/s). What is the highest common factor of t and 21?
21
Suppose 4*b - 8*b = -8. Suppose n + b + 0 = 0. Let i be 9/6 - 239/n. Calculate the greatest common divisor of 11 and i.
11
Let r = -9 + 12. Let u(x) = 7*x - r*x - 2*x**2 - x**3 + 0*x**3 + 5. Let h be u(-5). Calculate the highest common factor of 15 and h.
15
Suppose v - 7 = 27. What is the highest common divisor of v and 51?
17
Suppose 19 - 6 = 2*n - u, 5*u + 35 = 4*n. Suppose -n = -h + 90. What is the greatest common factor of h and 19?
19
Suppose 0 = -2*o - 5*h - 11, -2*o - h = -3*o + 5. Let q be 2 + -2 - (-1 + -1). Calculate the highest common factor of q and o.
2
Let k(r) = r**2 - 3*r - 6. Let f be (-2 + 1)*7 + 2. Let x be k(f). What is the highest common divisor of 272 and x?
34
Let a(j) = 3*j**2 + 3*j + 1. Let p be a(-2). Let u = 11 - p. Suppose 0 = 3*o + 5*n - 20, -5*o + 41 + 13 = -2*n. What is the greatest common divisor of u and o?
2
Let y = 4 + 13. Let f(p) = -p + 5. Let b be f(7). Let c be b/(-8) + (-134)/(-8). Calculate the highest common factor of y and c.
17
Let c(z) = -7*z**3 + 2*z**2 + z. Let o be c(-1). What is the greatest common factor of 56 and o?
8
Suppose g + 5*x - 190 = -0*g, -2*g + 4*x = -352. Calculate the highest common divisor of g and 20.
20
Suppose -5*f - 5*j - 5 = -80, -4*j - 31 = -3*f. Let a = f + 20. What is the highest common divisor of 3 and a?
3
Suppose -45 = -u - 172. Let w = 215 + u. What is the greatest common divisor of w and 11?
11
Let p(s) be the second derivative of s**5/20 + s**4/12 + s**3/6 + 21*s**2/2 - s. Let j be p(0). What is the greatest common factor of 7 and j?
7
Let w(k) = -k**2 - 5*k - 3. Let d be w(-3). Let o(q) = q**3 - 16*q**2 + 3*q - 33. Let v be o(16). Calculate the greatest common factor of d and v.
3
Suppose -h + 2 = -l + 5, 0 = -3*h - 3*l + 21. Suppose -4*f - 80 = -9*f. What is the highest common factor of h and f?
2
Suppose -204 = 8*c - 11*c. Let d be ((-4)/(-10))/((-4)/(-20)). Suppose 5*y - 3*i - 70 = 0, -3 - 4 = -y + d*i. What is the highest common factor of c and y?
17
Let y be 4/6 + 20/6. Let c(z) = 2*z**3 - 5*z**2 - 4*z + 6. Let p be c(y). Let g = 64 - p. Calculate the greatest common factor of 39 and g.
13
Suppose 42 = b - 5*m, 2*b - 4*m - m - 84 = 0. What is the greatest common factor of b and 168?
42
Let o = -45 - -29. Let w be -2 - (-3 + o - 0). Calculate the highest common factor of w and 119.
17
Let i(u) = u**3 + 9*u**2 - 11*u - 8. Let l = 25 - 35. Let w be i(l). What is the greatest common divisor of 3 and w?
1
Suppose 402 = 6*o - 246. Calculate the greatest common factor of o and 18.
18
Let y be ((-3)/(-9) - 2)*36/(-10). Suppose 0 = -6*h + 2*h + 168. What is the highest common divisor of y and h?
6
Let j = 174 - 156. Let t be 164/6 + (-2)/6. Calculate the greatest common factor of t and j.
9
Suppose 4*c = -3*q + 146, c - 89 = -5*q + 143. Calculate the greatest common divisor of 368 and q.
46
Suppose c - 4*r = -4*c + 291, c - 4*r = 71. Calculate the highest common divisor of c and 220.
55
Let m = 0 - -1. Let b be 4/10 + (-129)/(-215). Calculate the highest common factor of b and m.
1
Suppose 0 = -4*a + 6*a. Suppose -5*v = -0*y + 4*y - 19, a = -3*y + v + 38. Calculate the greatest common factor of 33 and y.
11
Suppose 0 = -4*d + 2*d + 130. What is the highest common factor of d and 13?
13
Let k = 34 - 1. Suppose -2*l + k = l. Calculate the greatest common factor of l and 11.
11
Let t(k) = 9*k - 3. Let h be t(3). What is the greatest common divisor of 48 and h?
24
Let p = 9 - -19. Calculate the highest common factor of p and 252.
28
Let x(h) = 8*h**2 - 7*h. Let f be x(2). Let v = 177 + -123. Calculate the greatest common divisor of v and f.
18
Let o = -1 - -1. Suppose 4*b + t = -2*t + 28, 2*b + 4*t - 4 = o. What is the highest common divisor of 90 and b?
10
Suppose -3*j - 3*p + 69 = 0, 2*p = 3*j - 2*p - 62. Calculate the highest common factor of 22 and j.
22
Let d(p) = 3*p**2 + 13*p + 18. Let n be d(-9). Calculate the greatest common factor of n and 9.
9
Let a be (-74)/(-14) + 8/(-28). What is the highest common factor of a and 45?
5
Suppose 2*t + 30 = 3*t. What is the highest common factor of t and 10?
10
Suppose 0 = -12*g + 10*g + 30. Calculate the greatest common factor of 135 and g.
15
Suppose -3*u + 7 = -2. Suppose -a + 14 = -j, u*j - 1 = a - 7. What is the greatest common factor of 18 and a?
18
Suppose -w = q - 2, q + 2*q - 4*w = 20. Suppose 0 = 5*u - q*h, -5*h + 30 - 1 = u. Calculate the highest common factor of 1 and u.
1
Suppose w + 2*i = -i + 9, 0 = -w + 2*i + 29. Let x be (-2)/(-5) + (-23)/(-5). Let j be x*1*70/25. Calculate the greatest common factor of w and j.
7
Suppose -4*v + 6*q + 28 = 4*q, q = v - 8. Suppose 0 = 2*y - 26 + 2. Calculate the highest common factor of y and v.
6
Let q(t) = t**2 + 5*t + 5. Let o be q(-4). Let j be 5/o + 6/(-3). Suppose 15 = 5*b + 5*x, 18 = 2*b - j*x + 7. Calculate the highest common factor of 12 and b.
4
Suppose 14*j + 24 = 15*j. What is the greatest common factor of 36 and j?
12
Suppose v = 5*x + 8, 0*v - v + x = -4. Let k(h) = -22*h - 4. Let c be k(v). Let m be (c/25)/(1/(-5)). What is the highest common factor of m and 98?
14
Suppose 10 = -3*v + 4*m, 0 = 3*v - m - 0 - 2. Suppose -7*z + v = -5*z. Calculate the highest common divisor of 1 and z.
1
Suppose 3*p = -5*v - 35, 3*v + 3*p + 32 = 5. Let t = v + 7. Suppose t*q - q - 150 = 0. What is the highest common factor of 30 and q?
15
Let z(p) = p**2 - 3*p - 4. Let h be 86/3 - (-2)/6. Suppose -19 = -3*o - 4*j, -h = -5*o - j - 3*j. Let q be z(o). What is the greatest common factor of 2 and q?
2
Suppose -5*f + 2*n = -540, 2*f - 4*n - 216 = -0*f. Let r = f + -38. Calculate the greatest common factor of r and 28.
14
Let w(y) be the first derivative of y**2/2 + 2*y - 7. Let g be w(16). Calculate the greatest common factor of g and 6.
6
Let o(k) = k**2 + 5*k - 7. Let a = -6 - 1. Let d be o(a). Suppose -d*s + 2*s + 60 = 0. What is the highest common divisor of 12 and s?
12
Let s = 18 + -9. Suppose -2*f = -3*f + 5*q - 34, 3*q + 138 = -3*f. Let o = f - -116. What is the highest common factor of o and s?
9
Let x be (-37)/(-2) + 3/(-2). Let z = x - 1. What is the highest common divisor of z and 16?
16
Suppose -116 - 34 = -5*o. Calculate the greatest common divisor of o and 330.
30
Let d be ((-35)/(-2))/(6/12). Let t = 34 + -20. What is the greatest common divisor of t and d?
7
Let d be 2/(52/(-20) - -3). Calculate the greatest common factor of 40 and d.
5
Suppose -11*l - 66 = -14*l. Calculate the highest common factor of l and 11.
11
Let q = 11 + -7. Suppose u = -q*o - u + 52, 0 = 4*u. Calculate the highest common factor of 104 and o.
13
Suppose -2*g + 4*d - 10 = -0, -10 = 3*g - d. Let r be 68 + (-6)/((-6)/g). Let v be 31